z))?
5
Let k = -9 - -5. What is the tens digit of k/3*(-15)/2?
1
Let k = -45 - -104. What is the units digit of k?
9
Suppose 5 = 3*y - 1. What is the units digit of y?
2
Suppose -4*n = 5 + 3. Let q(t) = t**3 + 2*t**2 + 2. What is the units digit of q(n)?
2
Suppose -3*g = -8 - 52. Suppose 0*s + 56 = 3*s - 2*a, -5*a = g. What is the units digit of s?
6
Let u(f) = -f + 1. Let q(w) = -4*w + 7. Let r(h) = q(h) - 6*u(h). What is the tens digit of r(5)?
1
What is the tens digit of ((-20)/6)/(-5) + (-4200)/(-18)?
3
Let f(v) be the first derivative of v**6/360 + 7*v**4/12 + v**3/3 + 3. Let g(r) be the third derivative of f(r). What is the units digit of g(0)?
4
Suppose -5*x = 4*o - 1014, o + 208 = 2*x - 195. What is the hundreds digit of x?
2
Let o = 47 - 33. Let p be 7/(o/8) + 3. Suppose 2*z - 29 = -p. What is the tens digit of z?
1
Let v(h) = h**2 - 4*h - 4. Suppose 0 = 2*y + 7 - 1. Let f(d) = 2*d**2 - 4*d - 4. Let n(m) = y*v(m) + 2*f(m). What is the units digit of n(-4)?
4
Let h = -4 + 7. Suppose -5*p - h*l = -191, -2*p + 2*l = 5*l - 80. What is the tens digit of p?
3
Suppose -2*h + 302 = -0*h - 4*t, 2*h + 2*t = 326. What is the hundreds digit of h?
1
Suppose -g + 152 = 3*g. What is the units digit of g?
8
Let l be (-3 + 10 - 3) + -2. What is the tens digit of -3 + 5 + 13 - l?
1
Let q be 1/2 + (-14)/(-4). Let n(y) = 6 + q + 1 - y. What is the units digit of n(10)?
1
Suppose -v + 25 = 4*v. Suppose 4*d + 10 = i, 0*d - v*i + 8 = d. What is the units digit of d*(45/6)/(-5)?
3
Let w = 9 + -8. Let l(b) = 4*b**3 - 2*b + 1. Let q be l(w). Suppose 6*s - q*x = 4*s + 15, 6 = -2*s - 4*x. What is the units digit of s?
3
Let s = -3 - 1. Let m = s - 2. Let j = m + 17. What is the units digit of j?
1
Let j(m) = -m**3 - 6*m**2 + m - 8. Let p be j(-7). Suppose -p = -0*f - 2*f. What is the units digit of f?
7
Let h = 9 + -19. Let m = h + 19. What is the units digit of m?
9
Suppose -2*l + 40 + 14 = 0. Let m = -7 + l. What is the units digit of m?
0
Suppose -d + 4*z + 5 = -4*d, 3*z = 2*d + 9. Let p be (-2)/4 - 2/4. Let w = p - d. What is the units digit of w?
2
What is the units digit of (81/(-18))/(1/(-2))?
9
Let b = 2 - 0. Let i be b*(-2)/(12/21). What is the tens digit of i/(21/6) - -12?
1
Suppose -3*z + 285 = -165. What is the units digit of z?
0
Let f = -30 - -24. What is the tens digit of (126/35)/(f/(-40))?
2
Let m(t) = -t - 7. Let h be m(-5). Let k be (-9)/h*(-4)/(-6). Suppose y = -4*i + k*i + 9, 0 = -i - 3*y + 7. What is the tens digit of i?
1
Let f = 8 + -15. Let v(q) = 24*q - 7. Let g be v(f). What is the units digit of g/14*8/(-5)?
0
Let q(x) = x**2 - 3*x + 1. Let m be q(-3). Let b = m - 13. What is the units digit of b?
6
Let q = 1 + -25. Suppose 0*u = 3*c - 4*u + 5, 3*c = -2*u + 25. What is the units digit of (-2)/c + q/(-10)?
2
Let r be (1/2)/(2/12). Let k = -3 + -6. What is the units digit of -1 - ((-3)/r + k)?
9
Suppose 102 = 4*z + z - 2*x, 2*z + 3*x - 37 = 0. Let u be z/(-6)*18/(-15). Suppose 3*v = m - u*m + 9, 12 = -3*v. What is the units digit of m?
7
Let j be 2 - (-2)/(-6)*0. Suppose 4*r = -0*v + v + 10, 2*r = -j*v + 10. Let l = v - -8. What is the tens digit of l?
1
Suppose -595 = -6*d + 515. What is the tens digit of d?
8
Suppose l - 1 = -p - 0*l, -2 = 4*p + l. Let t = -5 + p. What is the units digit of (-7 - t)/(2/(-4))?
2
Let l(a) = -a**3 + 6*a**2 - 5*a + 6. Suppose 3*c = 4*h + 6*c - 126, -c = 5*h - 152. Let q be h/4*6/9. What is the units digit of l(q)?
6
Suppose -50 = 4*w - 266. Let z = w - 13. What is the units digit of z?
1
Suppose -2*k + 2 = l - 5*k, -5*k + 5 = 0. Suppose 11 = l*s + 1. Suppose 3*y - 55 = -s*y. What is the tens digit of y?
1
Let f = -2 + 3. What is the units digit of -2*(f + (-3)/1)?
4
Suppose -7*g + 13*g - 420 = 0. What is the units digit of g?
0
Suppose -2*z + 6 = 0, 5*l - 117 = -2*z - 2*z. What is the tens digit of l?
2
Let g(a) = -a**2 - 3*a + 3. Let x be g(-3). Suppose 0 = -5*h - 6*o + 4*o + 13, -4*h - x*o + 9 = 0. What is the units digit of h?
3
Suppose 2*s - 64 = -2*z, -4*s + 1 = -5*s. Let y = z + -5. What is the units digit of y/12 - 1/3?
2
Suppose w + 2*v + 4 = 0, 0 = -w + 6*v - 2*v - 4. Let s = 16 - w. What is the tens digit of s?
2
Suppose 5*o + 0*k = -k, -3*k = -4*o + 19. Let x(s) = 3*s**2 - s + 1. What is the units digit of x(o)?
3
Suppose 3*y + 15 = 2*y - 3*n, 0 = -n - 3. Let c be 1/y + 2642/12. What is the units digit of 4/(-14) + c/35?
6
Suppose -3*p + 446 - 161 = 0. What is the tens digit of p?
9
Let d = -29 - -47. What is the units digit of d?
8
Let h = 22 + -19. Suppose -27 = -3*f - n, -h*f + 0*f = -n - 21. What is the units digit of f?
8
Suppose -5*s + 15 = 5*n - 20, 2*s = -4*n + 20. Suppose r - l + 93 = 5*r, s*l + 65 = 3*r. What is the units digit of r?
3
Suppose -21 = -4*h - 9, f + h = 7. What is the units digit of f?
4
Suppose -2*c + 0*c - 126 = 0. What is the units digit of 2 + c/((-3)/1)?
3
Let m be 2 + 1 - 3 - 7. Let o be (-2)/(-4) + 10/(-4). Let p = o - m. What is the units digit of p?
5
Let w(l) = 15*l**2 + 3*l + 2. Let r be w(-2). What is the units digit of ((-6)/7)/((-12)/r)?
4
Let m be (2/4)/((-5)/(-50)). Suppose -2*o = 4*s + 2*o - 120, -m*s = o - 130. What is the tens digit of s?
2
Let i be (-24)/(-11) + (-2)/11. Suppose 3*d = i*d + 10. What is the units digit of d?
0
Suppose c = 4*w + 28, 3*c - 5*w - 75 = -2*w. What is the tens digit of c?
2
Suppose 0 = 3*g + 10*g - 377. What is the units digit of g?
9
Let h(f) = -5*f + 4. Suppose -9 = 2*m - 3. What is the tens digit of h(m)?
1
Let t(l) = l**3 - l**2 - 2*l - 2. What is the units digit of t(3)?
0
Let p be 135/(-25) - (-2)/5. What is the tens digit of (-120)/p + 1 + -4?
2
Suppose 0 = 5*h - 3*w - 5, 0 = -h - 4*w - 23 + 1. Let l be -2 - -2 - (h - 2). Suppose -5*r + 7 = 3*x, -4*r + 0*x - 4*x + l = 0. What is the units digit of r?
2
Let f = -64 + 98. What is the units digit of f?
4
Let f(r) be the third derivative of r**5/15 - r**4/6 - r**3/2 + 2*r**2. Let v be f(-2). Suppose 6 = -b - 3*m - 1, -m = 5*b - v. What is the units digit of b?
5
What is the tens digit of ((-117)/6)/((-1)/2)?
3
Suppose -4*p = p - 5. What is the tens digit of (4/12)/(p/69)?
2
Let r(u) = 4*u**3 - 2*u + 1. Let d be r(1). Suppose 0 = f + 4*o - 14, -d*f + 2*o + 38 = f. What is the tens digit of f?
1
Suppose 6*f - 40 = 2*f. Suppose -2*k + f = -k. What is the tens digit of k?
1
Let c(n) = 4 - 2*n + 2*n**3 - n**3 + n + 4*n**2 - 1. What is the units digit of c(-4)?
7
Let q(d) = d**3 - 3*d**2 - d + 10. What is the units digit of q(5)?
5
Let x be 1632/(-84) + 6/14. Let w = 43 + x. What is the tens digit of w?
2
Let j be ((-16)/20)/((-1)/(-10)). Let h(l) = -l + 1. Let p be h(j). What is the units digit of p/6*(-1 - -7)?
9
Let j be (-75)/20 + (-1)/4. Let m = 0 - j. Suppose 2*k + k - 46 = -4*s, 16 = m*s. What is the units digit of k?
0
Suppose 0*c - c = -27. What is the units digit of c?
7
Let o(j) = j + 38. What is the tens digit of o(-9)?
2
Let u(n) = 3*n**2 + n + 2. Let l be u(-2). Let g(d) = d**2 - 10*d. What is the units digit of g(l)?
4
Suppose 0 = 3*z - 2*b + b - 100, 84 = 3*z + 3*b. Let q = z - 14. What is the tens digit of q?
1
Suppose -4*u + 247 + 269 = 0. What is the tens digit of u?
2
What is the units digit of 96 + -4 - (1 - (1 - 2))?
0
Let n = -26 - -42. What is the units digit of n?
6
Suppose 6*z = 4*z + 10. Suppose 0 = z*n - 0*n - 5. What is the tens digit of ((-3)/(-1))/(n/4)?
1
Let s = -75 + 124. Let q = s - 33. What is the tens digit of q?
1
Suppose 2 = -d + 6. Let i = 53 + -17. Suppose d*z = -0*z + i. What is the units digit of z?
9
Let r(s) = 92*s + 1. Let g be r(1). Suppose -l = 2*p - g, 2*p - 4*l = 4*p - 108. What is the units digit of p/6 - 3/9?
7
Suppose 5*o = -5*s + 20, 2*o = 4*s - 0*o - 16. Suppose s*j = a + 30, 5*j - 27 - 16 = 4*a. What is the units digit of (-3)/2*(-19 + j)?
8
Suppose 3*m - 2 - 4 = 0. What is the tens digit of -1 + 148/4 + m?
3
Let w(h) = 8*h - 4. Let c be w(4). What is the units digit of c/(-6)*12/(-8)?
7
Let f(h) be the first derivative of 1/4*h**4 - 3*h + 2/3*h**3 - 5/2*h**2 + 1. What is the units digit of f(-3)?
3
Let j = 5 - 4. Let l = j - -1. What is the units digit of l?
2
Let r be 2/(-4)*612/(-6). Suppose -n + 2*n - r = 0. Suppose -4*c - 5*f + 64 = 0, -2*f + 5*f = -3*c + n. What is the units digit of c?
1
Let p = 108 + -17. What